 + r. Let w be (7 - j)*(-13)/26. Let l(h) = -3*h - 5. Calculate l(w).
7
Let u(g) = g**3 + 1. Let y be u(-1). Let s(j) = -16*j + 21. Let h(f) = -7*f + 10. Let b(v) = 7*h(v) - 3*s(v). Calculate b(y).
7
Let d(p) = -5 - 2*p + 23*p**2 + 13*p**2 + 6*p**3 + 3 - 34*p**2. What is d(2)?
50
Suppose 2*v - 1 = 7, -v = -4*x. Let r(o) = -o**3 + o**2 - 2*o + 1. Let g be r(0). Let z(f) = 26*f**2 - 14*f**2 - 16*f**2 - 2*f + g. Determine z(x).
-5
Let z(t) = -15*t + 1. Let j(o) = o + 1. Let v(m) = 2*j(m) + z(m). Let n be v(1). Let d(k) = k + 1. Give d(n).
-9
Let t(p) be the first derivative of -p**3/3 + 2*p**2 + 4*p + 12. Determine t(6).
-8
Let j(y) be the first derivative of -y**2 - 15*y + 673. Determine j(-6).
-3
Let a(p) = -p**3 + 10*p**2 + p - 7. Suppose 0 = -5*i + 3 + 2, 2*i - 22 = -2*q. Let r be a(q). Let g(f) = -f**2 + f + 1. Calculate g(r).
-5
Let m(d) = d**3 - 7*d**2 + 2*d + 8. Let t(g) = -16*g - 58. Let a be t(-4). Determine m(a).
-16
Let t be (-4 + -73 + 4)*1. Let g = -68 - t. Let z(n) = 4*n - 7. Determine z(g).
13
Let o(m) = -548*m + 272*m + 277*m + 13. Give o(-10).
3
Let i(n) = -n**2 + 6*n + 6. Let v(x) = x**3 + 8*x**2 - 2*x - 10. Let w(d) = -2*d. Let f be w(4). Let t be v(f). Calculate i(t).
6
Let y(a) be the first derivative of a**4/4 - 5*a**3/3 + 3*a**2/2 + a - 2. Suppose -4*q + 30 + 2 = 0. Let p be (-1*q/1)/(-2). What is y(p)?
-3
Suppose 2*y - 8 = -2*y. Suppose -4*a = -y*a - 4. Let c(d) = 3*d + 5*d - 5*d + 2*d - d**a - 4. Determine c(4).
0
Let n(x) = 4*x - 7. Let g = 37 - 35. Let s(t) = -3*t + 7. Let m(a) = g*n(a) + 3*s(a). Determine m(7).
0
Let c(y) be the second derivative of -y**6/120 - 7*y**5/60 - 5*y**4/24 - 2*y**3/3 + 19*y**2/2 + 25*y. Let r(f) be the first derivative of c(f). Determine r(-6).
-10
Suppose -3*q + 2*d = -1 - 7, 3*d - 7 = -5*q. Let b(g) = q + 5*g - 4*g**3 + 3*g**3 + 2 + 5*g**2. Let p(h) = 7*h**2 + 3*h + 2. Let i be p(-1). Give b(i).
-2
Let y(i) be the second derivative of i**7/840 + i**6/120 + i**5/40 - 23*i**3/6 - 2*i. Let a(h) be the second derivative of y(h). Give a(-3).
-9
Let p(f) be the third derivative of f**5/60 - 5*f**4/24 + 97*f**2. Give p(6).
6
Suppose 3*z + g + 9 = 0, 0 = -16*z + 19*z - 4*g - 6. Let o(l) = 6*l - 2. Give o(z).
-14
Suppose 0 = x + 5*v + 23, x + v - 2 = -5. Suppose -12 + 2 = 2*j. Let t = x + j. Let y(g) = -g + 3. Determine y(t).
6
Let y(z) = 11*z**3 - z + 1. Suppose 2*w + 3*c = 8, -9*c = 5*w - 4*c - 15. What is y(w)?
11
Let u(a) be the third derivative of -a**7/2520 - a**6/720 - 7*a**5/60 - a**3/3 - 51*a**2. Let j(o) be the third derivative of u(o). What is j(-1)?
1
Let x = -150 - -145. Let h(n) = n + 11. What is h(x)?
6
Let l(f) = 12*f**2. Suppose -4*s + 3 = -5*c, -3*c = -8*c + s + 3. Give l(c).
12
Let s(h) = -5*h - 9. Suppose -15*l + 5 = 50. What is s(l)?
6
Let o(n) be the third derivative of 0 + 0*n + 1/120*n**6 - 7*n**2 - 1/60*n**5 + 1/12*n**4 - 1/6*n**3. What is o(2)?
7
Let j(a) = 4*a - 7. Let r(b) = -7*b + 13. Let v(f) = 5*j(f) + 3*r(f). Let k be v(5). Let t(c) = -4*c**3 - 2*c**2 + 1. Determine t(k).
3
Let x(c) = 7*c - 2. Let j(s) = s**2 + 2. Let t(m) = j(m) - x(m). What is t(3)?
-8
Let t(o) = o**2 + 12*o + 5. Let s be t(-12). Suppose r + 2 = s. Let v(u) = 4*u + u**3 - 2*u**3 + 3*u**r + 2*u**2 - 3*u**3 + 4. Calculate v(4).
-12
Suppose -b + 18 - 5 = 0. Suppose 2*o + 7 = -3*n, 0*n - 3*n - 5*o - b = 0. Let k(i) = 4*i - 1. Determine k(n).
-5
Suppose 0 = q - 2*o - 24, 1 + 16 = 3*q + 5*o. Let l(y) = -y**3 + 15*y**2 - 14*y + 5. Determine l(q).
5
Let x(j) = -j**3 + 44*j**2 + 537*j + 155. Let v be x(54). Let b(s) = -6*s + 11. Let i(g) = 3*g - 5. Let p(w) = -3*b(w) - 5*i(w). Determine p(v).
-29
Let i(u) = -u**3 + 12*u**2 - 4*u - 6. Let h(a) = -a**3 + 13*a**2 - 3*a - 7. Let z(m) = -4*h(m) + 5*i(m). Let x = 2663 + -2656. Calculate z(x).
-9
Let f(t) be the third derivative of 1/24*t**4 + 2*t**2 - 1/120*t**6 - 1/6*t**3 + 0*t - 1/15*t**5 + 0. Let d(b) = -3*b + 72. Let j be d(25). What is f(j)?
-13
Let p(r) = -r**3 + 10*r**2 + 11*r + 3. Let v = 12 - 1. Let g be p(v). Let l(b) = b**2 + 1. Determine l(g).
10
Let z(y) = 2*y**2 - 23*y + 25. Let p be z(11). Suppose 0*n - 2*n = -3*q + 6, -p = 4*n - 5*q. Let m(j) = j**3 + 5*j**2 - 3*j + 4. What is m(n)?
-14
Suppose -258 = 2*i - 280. Let d(h) = 3*h - 19. What is d(i)?
14
Let w = 372 + -370. Let k(u) = -7*u**3 + 3*u**2 - 1. What is k(w)?
-45
Let q(f) = 6*f**2 - 23*f + 6. Let u be q(4). Let d(n) = -n**2 + 8*n + 12. Calculate d(u).
-8
Let w(f) be the third derivative of f**4/12 - 2*f**3/3 - 3*f**2. Let c be w(5). Let z(x) = -x**2 + 4*x + 7. Determine z(c).
-5
Let x(l) = 2*l**3 - 21*l**2 + 39*l + 4. Let f be x(8). Let q(g) = 3*g - 4. What is q(f)?
-16
Let w(l) = -12 + 49 - 13 + l**2 + 12*l - 18 + 0*l**2. Calculate w(-9).
-21
Let b(i) be the second derivative of i**3/6 - i**2 + 2*i + 20. Give b(-8).
-10
Let k(t) be the third derivative of -t**9/60480 + t**8/20160 - t**6/360 - t**5/20 - 4*t**2. Let c(z) be the third derivative of k(z). What is c(0)?
-2
Let i(k) = -k**3 + 8*k**2 + 10*k - 12. Let g be i(9). Let q(r) = r**2 - 5*r - 4. Calculate q(g).
20
Let r(o) = -3*o. Let m be r(2). Let a(x) be the second derivative of 24*x + 0 - x**2 + 1/6*x**3. What is a(m)?
-8
Suppose 3*a - 2*m + 4 = 0, 2*a + 7 - 4 = m. Let x(n) = -13*n + 9. Let o(d) be the first derivative of -3*d**2 + 4*d + 2. Let p(r) = a*x(r) + 5*o(r). Give p(4).
-14
Suppose -4*f + 5 = 3*v, -4*f + 45 = -6*v + v. Suppose -5*a + 0*x - f*x - 30 = 0, 4*a = 4*x - 24. Let z(r) = r**3 + 6*r**2 + r - 1. Determine z(a).
-7
Suppose -5*b = c + 13, -9*b + 11 = c - 10*b. Let l(a) = -2*a + 17. Determine l(c).
3
Let v(y) = -100*y + 175*y - 74*y + 3. Let c(w) = w**2 - 7*w + 4. Let u be c(7). Suppose u = i - 0. Determine v(i).
7
Let i(d) be the third derivative of d**6/120 + d**5/60 + 3*d**3/2 - 8*d**2. Suppose 0 = 6*v - 4*v - 10. Let l be (-2)/v + (-6)/(-15). Give i(l).
9
Let a be 1 + 5 - (-4 + 4 - -7). Let r(h) be the first derivative of -h**2/2 - 1. What is r(a)?
1
Let v = 71/444 - -1/148. Let r(a) be the second derivative of 0 + 1/12*a**4 - 1/20*a**5 + v*a**3 + a + 3/2*a**2. Determine r(0).
3
Suppose 0*y - 21 = -5*y - 2*s, 0 = -2*y - 5*s. Let k(i) = 5*i**2 - 22*i + 13. Let h(f) = 3*f**2 - 13*f + 7. Let j(d) = -7*h(d) + 4*k(d). What is j(y)?
-7
Let z be (8 - 2) + 0/(-11). Let d be (6/8)/(3/12). Let g(x) = 14 + 2*x - 4 - d*x. Calculate g(z).
4
Let b(g) = -3*g**2 + 23*g - 8. Let t(a) = -a**2 + 8*a - 3. Let s(q) = 3*b(q) - 8*t(q). What is s(5)?
0
Let v(k) be the second derivative of -k**6/60 + k**4/24 - k**2 + 2*k. Let a(j) be the first derivative of v(j). Let q be -12 + 9 - -1*2. Calculate a(q).
1
Let t(d) = -41*d**3 - 12*d**2 - 7*d + 11. Let q(g) = 116*g**3 + 35*g**2 + 21*g - 32. Let m(x) = -6*q(x) - 17*t(x). Let o = 3 - -4. Give m(o).
5
Let n(k) be the third derivative of -k**5/30 + 3*k**3/2 + 10*k**2. Let w(o) = 3*o**2 - 13. Let t(m) = 7*n(m) + 5*w(m). Determine t(-4).
14
Let z(p) = 7*p + 24 + 21 - 42. Suppose o = -4*t - 15, -2*o - 27 = 5*t + 2*o. Give z(t).
-18
Suppose 0 = -3*f + 377 - 383. Let y(z) = -27*z - 6. Let o(v) = -9*v - 2. Let r(p) = 11*o(p) - 4*y(p). Give r(f).
-16
Let o(m) = 28 - 8 - 18 - 4*m. Determine o(-3).
14
Let b(k) = 3*k + 30. Let l be b(-10). Let s(f) be the second derivative of -1/2*f**2 + 1/12*f**4 + 6*f + l + 7/6*f**3. Determine s(-7).
-1
Let h(x) = -x**2 - 7*x + 7. Suppose -4*c - 3*i - 4 = -0*i, -4*c + 24 = -4*i. Suppose c*p = -2, l + 13 = -p + 5. Determine h(l).
7
Let i(q) = q - 190*q**3 - 1 + 376*q**3 - 187*q**3 - 7. Let t be (0 - (2 - 7)) + -1. Suppose -4*o + t = 0, o - 4 = 2*l - 3*o. What is i(l)?
-8
Let m be ((-4)/12)/((-2)/48). Let w(c) = -5*c**2 - 8*c + 12. Let t(y) = -9*y**2 - 16*y + 24. Let l(d) = 6*t(d) - 11*w(d). Calculate l(m).
12
Let b(d) = d. Suppose -4*q + 7*j = 3*j - 24, -4*q + 5*j + 26 = 0. Let n be b(q). Let w(v) = 4*v - 7 + 3*v**2 + n - 2*v**2. What is w(-5)?
2
Suppose 321*a = 319*a + 22. Let z(n) = 3*n - 25. Determine z(a).
8
Suppose 0 = 2*w - 0*w. Let l be w - -1 - (-2)/2. Let a(t) = -1 + 740*t**3 - 28*t - 741*t**3 + 27*t + 4*t**2. Determine a(l).
5
Let w(n) = -n + 3. Suppose -4*h = -2*a + 18, -5*h = -a + 19 + 11. Let j be w(h). Let q = j + -4. Let d(o) = o**3 - 5*o**2 - 6*o - 6. Give d(q).
-6
Let g(k) = -3*k**3 + k**2 + 3*k. Let i(o) be the first derivative of 1/3*o**3 - o + 1/4*o